{"id":141,"date":"2024-01-22T15:57:08","date_gmt":"2024-01-22T12:57:08","guid":{"rendered":"https:\/\/incigreeneryworkers.nl\/?page_id=141"},"modified":"2024-02-03T12:39:29","modified_gmt":"2024-02-03T09:39:29","slug":"opdrachtgevers","status":"publish","type":"page","link":"https:\/\/incigreeneryworkers.nl\/index.php\/opdrachtgevers\/","title":{"rendered":"Opdrachtgevers"},"content":{"rendered":"<section class=\"l-section wpb_row height_auto width_full\"><div class=\"l-section-h i-cf\"><div class=\"g-cols vc_row via_grid cols_1 laptops-cols_inherit tablets-cols_inherit mobiles-cols_1 valign_middle type_default stacking_default\"><div class=\"wpb_column vc_column_container us_custom_9033c60f has_bg_color stretched\"><div class=\"vc_column-inner\"><\/div><\/div><\/div><\/div><\/section><section class=\"l-section wpb_row height_medium\"><div class=\"l-section-h i-cf\"><div class=\"g-cols vc_row via_grid cols_2-1 laptops-cols_inherit tablets-cols_inherit mobiles-cols_1 valign_top type_default stacking_default\" style=\"--gap:3.9rem;\"><div class=\"wpb_column vc_column_container us_custom_a2054ba0\"><div class=\"vc_column-inner\"><h1 class=\"w-text\"><span class=\"w-text-h\"><span class=\"w-text-value\">Opdrachtgevers<\/span><\/span><\/h1><div class=\"wpb_text_column\"><div class=\"wpb_wrapper\"><p>&#8220;Wij bieden toewijding aan kwaliteit gecombineerd met innovatieve oplossingen. Ons team van experts staat garant voor een doelgerichte aanpak, waarbij we niet alleen streven naar voldoening van de huidige behoeften, maar ook anticiperen op toekomstige uitdagingen. Met bewezen ervaring, een klantgerichte mentaliteit en een flexibele aanpak, bieden wij betrouwbare dienstverlening op maat. Onze focus op effici\u00ebntie en resultaat zorgt ervoor dat u niet alleen een dienst afneemt, maar een duurzame samenwerking aangaat die uw verwachtingen overtreft. Ontdek de meerwaarde van samenwerken met ons en ervaar waarom onze opdrachtgevers ons blijven kiezen als hun partner in succes.&#8221;<\/p>\n<\/div><\/div><div class=\"w-btn-wrapper align_none\"><button class=\"w-btn us-btn-style_1\"><span class=\"w-btn-label\">Ga naar contact<\/span><\/button><\/div><\/div><\/div><div class=\"wpb_column vc_column_container\"><div class=\"vc_column-inner\"><div class=\"wpb_text_column\"><div class=\"wpb_wrapper\"><h3>INCI GREENERY<\/h3>\n<div class=\"textwidget\">\n<p>Heeft u vragen of opmerkingen? Of wilt u gebeld worden voor een afspraak? Geen probleem. Bel ons op \u00a0<a href=\"tel:+31613171020\" target=\"_blank\" rel=\"noopener\">0649911076 \/ 0684226953<\/a> of vul het onderstaande contactformulier in.<\/p>\n<h3>Contactformulier<\/h3>\n<div id=\"gform_wrapper_1\" class=\"gf_browser_unknown gform_wrapper gform_legacy_markup_wrapper gform-theme--no-framework\" data-form-theme=\"legacy\" data-form-index=\"0\">\n<form id=\"gform_1\" action=\"https:\/\/bolliebv.nl\/over-ons\/\" enctype=\"multipart\/form-data\" method=\"post\" novalidate=\"\" data-formid=\"1\">\n<div class=\"gform-body gform_body\">\n<p><label class=\"gfield_label gform-field-label\" for=\"input_1_1\">Uw voor-en achternaam:<\/label><\/p>\n<\/div>\n<\/form>\n<\/div>\n<\/div>\n<\/div><\/div><form class=\"w-form  layout_ver for_cform us_form_1\" autocomplete=\"off\" action=\"https:\/\/incigreeneryworkers.nl\/index.php\/wp-json\/wp\/v2\/pages\/141\" method=\"post\"><div class=\"w-form-h\"><div class=\"w-form-row for_text has_label\">\r\n\t\t\t<div class=\"w-form-row-label\">\r\n\t\t\t<span>Uw voor-en achternaam:<\/span>\r\n\t\t<\/div>\r\n\t\t<div class=\"w-form-row-field\">\r\n\t\t\t\t\t\t<input aria-label=\"Uw voor-en achternaam:\" type=\"text\" name=\"us_form_1_text_1\" value placeholder\/>\r\n\t\t\t<\/div>\r\n\t\t<div class=\"w-form-row-state\">Fill out this field<\/div>\r\n<\/div>\r\n<div class=\"w-form-row for_email has_label required\">\r\n\t\t\t<div class=\"w-form-row-label\">\r\n\t\t\t<span>Uw e-mailadres: *<\/span>\r\n\t\t<\/div>\r\n\t\t<div class=\"w-form-row-field\">\r\n\t\t\t\t\t\t<input aria-label=\"Uw e-mailadres:\" type=\"email\" name=\"us_form_1_email_1\" value placeholder data-required=\"true\" aria-required=\"true\"\/>\r\n\t\t\t<\/div>\r\n\t\t<div class=\"w-form-row-state\">L\u00fctfen ge\u00e7erli bir e-posta adresi yaz\u0131n.<\/div>\r\n<\/div>\r\n<div class=\"w-form-row for_text has_label\">\r\n\t\t\t<div class=\"w-form-row-label\">\r\n\t\t\t<span>Uw telefoonnummer:<\/span>\r\n\t\t<\/div>\r\n\t\t<div class=\"w-form-row-field\">\r\n\t\t\t\t\t\t<input aria-label=\"Uw telefoonnummer:\" inputmode=\"tel\" type=\"text\" name=\"us_form_1_text_2\" value placeholder\/>\r\n\t\t\t<\/div>\r\n\t\t<div class=\"w-form-row-state\">Fill out this field<\/div>\r\n<\/div>\r\n<div class=\"w-form-row for_textarea has_label\">\r\n\t\t\t<div class=\"w-form-row-label\">\r\n\t\t\t<span>Uw bericht\/vraag:<\/span>\r\n\t\t<\/div>\r\n\t\t<div class=\"w-form-row-field\">\r\n\t\t\t\t\t\t<textarea aria-label=\"Uw bericht\/vraag:\" name=\"us_form_1_textarea_1\" placeholder><\/textarea>\r\n\t\t\t<\/div>\r\n\t\t<div class=\"w-form-row-state\">Fill out this field<\/div>\r\n<\/div>\r\n<input type=\"hidden\" name=\"action\" value=\"us_ajax_cform\" \/>\r\n<input type=\"hidden\" name=\"post_id\" value=\"0\" \/>\r\n<input type=\"hidden\" name=\"form_index\" value=\"1\" \/>\r\n<div class=\"w-form-row for_submit align_none\">\r\n\t<button class=\"w-btn  us-btn-style_1\" aria-label=\"Verzenden\" type=\"submit\">\r\n\t\t<span class=\"g-preloader type_1\"><\/span>\r\n\t\t\t\t<span class=\"w-btn-label\">Verzenden<\/span>\r\n\t\t\t<\/button>\r\n\t<\/div>\r\n<\/div><div class=\"w-form-message\"><\/div><div class=\"w-form-json hidden\" onclick='return {&quot;ajaxurl&quot;:&quot;https:\\\/\\\/incigreeneryworkers.nl\\\/wp-admin\\\/admin-ajax.php&quot;,&quot;messages&quot;:{&quot;err_empty&quot;:&quot;Fill out this field&quot;,&quot;err_size&quot;:&quot;File size cannot exceed %s MB&quot;,&quot;err_extension&quot;:&quot;%s file type is not allowed&quot;}}'><\/div><\/form><\/div><\/div><\/div><\/div><\/section>\n","protected":false},"excerpt":{"rendered":"Opdrachtgevers&#8220;Wij bieden toewijding aan kwaliteit gecombineerd met innovatieve oplossingen. Ons team van experts staat garant voor een doelgerichte aanpak, waarbij we niet alleen streven naar voldoening van de huidige behoeften, maar ook anticiperen op toekomstige uitdagingen. Met bewezen ervaring, een klantgerichte mentaliteit en een flexibele aanpak, bieden wij betrouwbare dienstverlening op maat. Onze focus op...","protected":false},"author":1,"featured_media":0,"parent":0,"menu_order":0,"comment_status":"closed","ping_status":"closed","template":"","meta":{"footnotes":""},"class_list":["post-141","page","type-page","status-publish","hentry"],"_links":{"self":[{"href":"https:\/\/incigreeneryworkers.nl\/index.php\/wp-json\/wp\/v2\/pages\/141","targetHints":{"allow":["GET"]}}],"collection":[{"href":"https:\/\/incigreeneryworkers.nl\/index.php\/wp-json\/wp\/v2\/pages"}],"about":[{"href":"https:\/\/incigreeneryworkers.nl\/index.php\/wp-json\/wp\/v2\/types\/page"}],"author":[{"embeddable":true,"href":"https:\/\/incigreeneryworkers.nl\/index.php\/wp-json\/wp\/v2\/users\/1"}],"replies":[{"embeddable":true,"href":"https:\/\/incigreeneryworkers.nl\/index.php\/wp-json\/wp\/v2\/comments?post=141"}],"version-history":[{"count":5,"href":"https:\/\/incigreeneryworkers.nl\/index.php\/wp-json\/wp\/v2\/pages\/141\/revisions"}],"predecessor-version":[{"id":186,"href":"https:\/\/incigreeneryworkers.nl\/index.php\/wp-json\/wp\/v2\/pages\/141\/revisions\/186"}],"wp:attachment":[{"href":"https:\/\/incigreeneryworkers.nl\/index.php\/wp-json\/wp\/v2\/media?parent=141"}],"curies":[{"name":"wp","href":"https:\/\/api.w.org\/{rel}","templated":true}]}}